/12 + y**3/2 - 5*y**2/2 - 3*y. Determine c(j).
-9
Let b(i) = i**2 + 7*i + 3. Let n(z) = 11*z + 64. Let f be n(-4). Let m(u) = -u**2 - 11*u + 1. Let c be m(-8). Let h = f - c. Calculate b(h).
-7
Let y(d) = -1013*d - 2*d**2 - 5*d**3 + 9*d**2 + 1012*d + 4*d**3 - 19. Give y(7).
-26
Let g(r) be the first derivative of r**4/4 + 5*r**3/3 + 5*r**2/2 + 7*r + 2222. Let s(d) = -2*d**3 + 2*d**2 + 3*d - 3. Let i be s(2). What is g(i)?
-18
Let h(t) = 1. Let j(v) = v - 13. Let k(o) = 4*h(o) + j(o). Let z be (16/(-40) - 64/(-10)) + 5. Suppose -5*p + p = -5*x + 32, 2*x = p + z. Give k(x).
-5
Suppose 5 = -132*r + 127*r + 5*m, 0 = 3*m - 15. Let d(y) = -7*y**2 - 2*y + 8. Calculate d(r).
-112
Let b(t) = -t + 8. Let j be b(8). Let p(f) = f**2 + j*f**2 + 3*f**2 - f - 6*f**2 - f**3. Let c = 9007 + -9008. Determine p(c).
0
Suppose l = 2 - 3, 0 = 2*f + 2*l - 140. Let i(k) = 6*k**2 - 143 + 72 + f. Determine i(-1).
6
Let j(h) be the first derivative of -h**4/4 + 2*h**2 + h + 70. Suppose n + 15 - 9 = a, 21 = -3*n + 4*a. Give j(n).
16
Let d(i) = 1245*i**2 - 5 + 12*i - 1244*i**2 - 4*i. What is d(0)?
-5
Let i(o) be the second derivative of -7*o**3/3 - o**2 - o. Let c = 5245 - 5247. Determine i(c).
26
Let j(i) = i**3 + 5*i**2 - i - 3. Let d be j(-5). Let q(g) = 114*g - 61*g - 58*g + 2. What is q(d)?
-8
Let y = 49784 + -49784. Let b(q) = 4*q - 3. Let o(c) = -4*c + 3. Let p(v) = 5*b(v) + 4*o(v). What is p(y)?
-3
Suppose 3*b = -u - 15, -3*u + 15 = 135*b - 138*b. Let r(f) = -f**3 - 5*f**2 - 16. Calculate r(b).
-16
Let m(i) = -7 + 12*i**2 + 72*i - 48 + 27*i - 15*i**2 + 5*i**2. Determine m(-50).
-5
Let n(i) be the first derivative of -8*i**3 + i - 604. Calculate n(-1).
-23
Let c(h) = 2*h**2 - 38*h + 165. Let w be c(13). Let i(j) = -j**3 + 9*j**2 + 19. What is i(w)?
19
Suppose 875*w - 872*w = 4*d + 87, -w + 5*d + 18 = 0. Let i(t) = -t**3 + 32*t**2 + 34*t - 44. Determine i(w).
-11
Let c(f) be the second derivative of -2*f + 0 + 1/6*f**3 - 3/2*f**2. Let p be (-27)/(-4) + 55/44. Give c(p).
5
Let t(d) = 5 - 2 + 20*d**2 + 2 - 4. Suppose -4*f + 2*h + 7 = -3*f, 0 = -4*f + h + 14. Suppose -j = -4 + f. What is t(j)?
21
Suppose 2*y = 7*y. Let v(t) be the second derivative of -t**5/20 + t**4/12 - 2*t**2 - 19*t - 7. Determine v(y).
-4
Let a(w) = w**2 + 4*w - 7. Let y = 25 + 27. Let f = 2739 + -2681. Let k = y - f. What is a(k)?
5
Let p be ((-32)/24)/((-340)/45 - -8). Let j(c) = -c**3 - 2*c**2 + 7*c + 11. Calculate j(p).
-1
Suppose 5*l + 5*a = -30, -a = 4*l - 7*l - 10. Let s(g) = -8*g + 11*g - 6 - 4*g - 4*g. Give s(l).
14
Suppose 5*b - 106 - 274 = 2*n, -4*n = -5*b + 380. Let j(v) = 3*v + 42 - b + 39. Calculate j(-4).
-7
Let c = 33 + -41. Let j(o) be the third derivative of 0 - 8*o**2 + 0*o - 1/24*o**4 - 7/6*o**3. Calculate j(c).
1
Let v(u) = 13*u**2 + 93*u - 15. Let z(c) = 11*c**2 + 78*c - 15. Let y(n) = 5*v(n) - 6*z(n). What is y(-7)?
-13
Let m(q) = -3*q + 2*q + 2*q - 2*q**3 + 6*q**3. Suppose 3*g + 10 = x, -4*g - 8 = -4*x - 8*g. Suppose -y - 3 = -x. Determine m(y).
5
Let u(y) = -y**3 - 8*y**2 + y - 25. Let x be u(-10). Let d be 0/((-2)/(-8) + x/(-132)). Let j(s) = s + 19. Give j(d).
19
Let z(q) = -2*q**3 - 42*q**2 + 2*q + 39. Suppose 3*w + 105 = -4*x, -3*w - 77 = -56. Calculate z(x).
-3
Let k(i) = -4*i**2 + 15*i - 8. Let x(t) = 25*t**2 - 94*t + 50. Let n(c) = -13*k(c) - 2*x(c). Let p(r) = r**3 + 3*r**2 - r - 1. Let v be p(-2). Calculate n(v).
19
Let t = 1435 - 4304/3. Let r(c) be the second derivative of 1/12*c**4 + 10*c + 0 + 1/20*c**5 + t*c**3 + 1/2*c**2. Determine r(-1).
-1
Let x(u) = u**3 + 5*u**2 - 2*u - 4. Suppose -9056 + 9096 = -9*r - 11*r. Determine x(r).
12
Let r(y) be the third derivative of 7*y**4/6 + 197*y**3/6 + 1326*y**2. What is r(-7)?
1
Let m(h) = -h + 1. Let s = 87 - 61. Let d(q) = 52*q - 25*q - s*q. Let a(n) = 2*d(n) + m(n). Give a(-8).
-7
Let v(c) be the second derivative of c**3/6 - 7*c**2 + 1400*c. Determine v(16).
2
Let k be ((-2)/(2 - 1))/(-2). Suppose 3*h + 165*p = 170*p - 9, 5*p - 5 = 5*h. Let j(d) = 12*d**2 + d**2 - d - k + d**h. Determine j(-1).
14
Let v(y) = -311*y**2 + 931*y + 6. Let g be v(3). Let c(a) be the second derivative of 3/2*a**2 + g - 7*a + 3/2*a**3 + 1/12*a**4. Calculate c(-8).
-5
Let y(k) = 511918*k + 9*k**2 + 8*k**2 - 511916*k - 4 - 18*k**2. Let q(h) = h**2 + h + 3. Let j be q(0). Suppose -4*b = b - l - 17, -9 = -j*l. Determine y(b).
-12
Let g(w) = 17*w**2 - 60*w + 4. Let v(d) = -53*d**2 + 213*d - 10. Let s(o) = -7*g(o) - 2*v(o). Give s(-1).
-15
Let v(z) be the second derivative of z**5/10 - z**4/12 - z**3/6 - 27*z + 1. Let f(s) = -7*s**3 + 9*s**2 + 7*s - 2. Let p(l) = -f(l) - 4*v(l). What is p(-3)?
-7
Suppose 0 = -3*b + d - 192, -3*d = 3*b - 7*d + 183. Let n = b - -82. Let f(i) = -i + 22. Give f(n).
5
Let a(i) = -i + 4. Let m(p) = p - 3. Let t(l) = -5*a(l) - 4*m(l). Let g(y) = y**2 - y + 4. Let w be g(0). Give t(w).
-4
Let d(t) be the second derivative of -t**4/12 - t**3 + 3*t**2/2 + 2*t. Let f = -7332 - -7327. Determine d(f).
8
Let y = 1576 + -1573. Let x(o) be the second derivative of 1/20*o**5 + 0 - 5/12*o**4 + 27*o + 1/2*o**y + o**2. Give x(3).
-7
Let n(i) = 7*i - 33. Let d(f) = -126*f**2 + 1006*f + 19. Let c be d(8). Give n(c).
-12
Suppose 83*x = 47*x + 216. Let t(r) = 2*r + 0*r + 5 - 3*r + 9. Give t(x).
8
Suppose 0 = 4*z - 5*p - 5, -4*z - 5*p = 863 - 858. Let y(l) = -3*l + 55. Give y(z).
55
Let l(c) = -c**3 + 6*c**2 - 5*c + 3. Suppose 0*h + 4*h = 1564. Suppose -a = -4*f - 135 - h, 2*f + 3*a = -270. Let t be (-638)/f + (-2)/(-12). Give l(t).
3
Let i(y) = -28*y + 317. Let a be i(11). Let k(f) = -6*f + 61. Determine k(a).
7
Let k = -9140 - -9135. Let s(l) = 3*l**2 + 18*l + 6. What is s(k)?
-9
Let a(q) be the third derivative of -q**4/8 + 13*q**3/6 + q**2. Suppose 2*n - 2*d + 8 = 0, -787*n + 791*n - 4 = 2*d. What is a(n)?
-5
Let s(n) be the second derivative of -n**7/840 + n**6/72 - n**5/40 + n**4/24 + 55*n**3/3 - 2*n + 20. Let h(c) be the second derivative of s(c). What is h(3)?
10
Let s(x) = -2*x**2 + 359*x - 4335. Let c be s(13). Let k(v) = 151*v + 900. What is k(c)?
-6
Let w(b) be the first derivative of -17*b**4/2 + b**2 + b + 1844. Give w(-1).
33
Let h(x) be the first derivative of x + 170 - 1/2*x**2. What is h(-1)?
2
Let d(f) be the first derivative of -3 + f + 1/2*f**2. Suppose 3 = 7*a + 10. Give d(a).
0
Let z(t) = t**2 + t - 1. Suppose -5*h + 32 = 4*q, 3*h + h = -5*q + 31. Let g = 2 + h. Suppose -3*p - g = 0, d + 2*p = -7 + 6. Give z(d).
11
Let q(i) be the first derivative of i**2/2 + 3*i + 8084. Let v = 6 - 11. Give q(v).
-2
Let b = 34 + -36. Let z(v) be the second derivative of -2*v**3/3 - v**2 - v - 3. Calculate z(b).
6
Let r = 5298 - 5295. Let j(n) be the third derivative of 1/60*n**5 + 7*n**2 + 0*n - 1/6*n**r - 2/15*n**6 + 0 - 1/24*n**4. Give j(-1).
17
Let j be (-3)/2 + (-18)/12. Let u(w) = w - 5. Let l(n) = -n + 3. Let i(d) = 3*l(d) + 2*u(d). Let x(g) = 2*g + 4. Let z(q) = 4*i(q) + x(q). Give z(j).
6
Let x(m) = -77*m - 1624. Let r be x(-21). Let j(o) = -3*o**3 + 3*o**2 - o - 3. Let q(t) = -t**3 - t**2 + 1. Let f(b) = j(b) - 4*q(b). Give f(r).
0
Let v(f) be the second derivative of -f**4/12 + 5*f**3/2 + 9*f**2 + 2759*f. What is v(13)?
44
Let j be 15/55 - (-56)/(-44). Let p(s) = -3*s**3 - s - 1. Give p(j).
3
Let j = 4353 - 4354. Let y(x) = x**3 - 3*x**2 + 3*x + 5. Calculate y(j).
-2
Suppose f + 188 = 166. Let d(k) = -2*k**2 - 47*k - 39. Calculate d(f).
27
Let m(p) = -p**2 - 5*p + 5. Let v be (11 + -12)*(-309 + 0). Let n = -305 + v. Determine m(n).
-31
Let r(u) be the third derivative of u**5/24 - 3*u**4/8 - 17*u**3/6 + 53*u**2. Let c(i) be the first derivative of r(i). What is c(3)?
6
Suppose 77*w - 73*w = -5*q - 5, 2*w = 5*q + 35. Let z(t) be the third derivative of t**4/24 - 5*t**3/6 - t**2. What is z(w)?
0
Let s(g) = 13*g. Let x(k) = 9*k. Let p be 7/(-3 - (-4 + 2)). Let c be (9 - 1) + p + 6. Let l(z) = c*x(z) - 5*s(z). Calculate l(-4).
8
Let d(n) be the second derivative of -n**5/5 + n**4/12 + 58*n. Suppose -42 = -2*v + 2*s, -2*v = -7*v - 5*s + 55. Let i be (-4)/v + 10/8. What is d(i)?
-3
Let d(n) be the third derivative of -n**4/24 + 11*n**3/2 - 1157*n**2. Calculate d(16).
17
Suppose 3*f = -0*f, -4*f = u - 9. Suppose -24 = -5*k - u. Let x(j) = 3*j + 2*j**3 - k*j**3 + 10*j**2 + 1 + 8*j. Determine x(11).
1
Suppose 14*i = -9*u + 1